igit of n(f)?
9
Let m(d) = -101*d - 116*d - 108*d - 8. What is the tens digit of m(-1)?
1
Suppose -390*c - 8080 = -400*c. What is the tens digit of c?
0
Let b = -575 + 399. Let x = b - -117. What is the units digit of -4 + 4 - x - 2?
7
Let t(v) = 7*v**2 - 11*v - 17. Let i(n) = 4*n**2 - 5*n - 9. Let f(a) = 5*i(a) - 3*t(a). Let c be f(9). What is the units digit of 3 + ((-237)/c - 0)?
2
Suppose -3*d + 1825 - 556 = 0. Suppose -3335*a + 3333*a = -322. Suppose -n + 0*b + 5*b = -a, 0 = -3*n - 5*b + d. What is the tens digit of n?
4
Let q(a) = -75 - 8*a - 3*a + 10*a - 5*a. What is the tens digit of q(-24)?
6
Let z(c) = 64*c - 506. Let r(o) = -21*o + 169. Let u(x) = 16*r(x) + 5*z(x). What is the tens digit of u(-31)?
7
Suppose 2*m = 6, 2*m + 3 = u - 0. Suppose -5*j - 6 = u, 0 = -w + 5*j + 155. What is the tens digit of w?
4
Let z(x) = -x**2 - 2*x + 5. Let d be z(-3). Let q(h) = 9*h**d + 27 - 21*h**2 + 8*h - h**3 + 2*h**3. What is the units digit of q(12)?
3
Let t = -3 + 9. Suppose 2*b = -5*f + 186, 0 = -5*f + 5*b + 67 + 98. Suppose 3*a + k - f = 0, t*a - 4*k = a + 43. What is the tens digit of a?
1
Let i = 5616 - 1290. Suppose 4*g + 1334 = i. What is the hundreds digit of g?
7
Let w be -1*458/(-22) + (-4)/(-22). What is the tens digit of ((-161)/w + 11)/(4/438)?
6
Suppose -5*s + 2*s + 15 = 0. Suppose 0 = -y + 8, 3*i + 19 = 276*y - 271*y. Suppose 5*d = 2*w + 3*d - 22, -3*w - s*d = i. What is the units digit of w?
6
Let d(b) = 8846*b**3 - 5*b**2 + 38*b - 32. What is the hundreds digit of d(1)?
8
Let s be -2 + (-5)/1 + 9. Let w be -1 - (1 + s + -7). Suppose -10*q + 6*q + w*u = -965, -5*q + 1205 = -4*u. What is the hundreds digit of q?
2
Let s(u) = -57*u**3 - 14*u**2 - 22*u + 7. What is the thousands digit of s(-3)?
1
Suppose -754499 = -45*k - 45*k + 1037671. What is the ten thousands digit of k?
1
Let l(b) = -8177*b + 597. What is the thousands digit of l(-2)?
6
Let j(i) = -156*i**2 - i - 45*i**2 - 28*i**2 - 3. Let b be j(-1). Let c = b - -324. What is the units digit of c?
3
What is the tens digit of ((-15)/(-42) + 13/91)*6196?
9
Suppose q - 4*q - 279 = -4*i, 0 = q + 5. Suppose -i*r = -62*r. Suppose r = 11*a - 3*a - 1336. What is the units digit of a?
7
Let l(x) = -x**2 - x + 8. Let w be l(2). What is the units digit of (-1)/(-2*w/692)?
3
Suppose -6 = -28*o + 25*o. Suppose -y + 4*y - t = 508, 3*y - 503 = o*t. What is the tens digit of y?
7
Suppose f - 9 = 9. Suppose 6*x + f*x = 22632. What is the tens digit of x?
4
Suppose 14*x - 30 = 8*x. Suppose -x*s = -4*a - 2118 + 5700, -2*a = -5*s - 1786. What is the hundreds digit of a?
8
Suppose m = -4*y - 115 - 687, -3*y - 596 = -2*m. Let k = -99 - y. What is the hundreds digit of k?
1
Let w = 30 - 15. Let x(c) be the third derivative of c**4/3 + 10*c**3/3 + 7*c**2 - 10*c - 3. What is the units digit of x(w)?
0
Let n(u) = -47*u + 67*u - 46*u + 58. Let r(d) = d**3 + d**2 + 3*d + 1. Let w be r(-2). What is the units digit of n(w)?
2
Let a(b) = -b**3 + 35*b**2 - 49*b + 40. What is the units digit of a(33)?
1
Suppose -292*j + 295*j - 30015 = 0. What is the units digit of j?
5
Suppose 3*j + j - 4 = 0, -698 = -3*f + j. Let i = 58 + -56. Suppose -h - i*r + 163 = 0, r - 108 = -2*h + f. What is the tens digit of h?
7
Suppose 12*p - 82 = 10*p. Let n = p - 37. Let i(o) = 5*o**3 - o**2 - 6*o. What is the hundreds digit of i(n)?
2
Suppose r - 66*j = -69*j + 20200, -2*j = -4. What is the tens digit of r?
9
Let s be 7950/24 - 3/4*-1. Suppose 85 = 3*j - s. What is the tens digit of j?
3
Let g(v) = -11 - 22 + 24 - 5*v. Let d be g(-3). Suppose -3*w = c - 226, -c + d*c - 3*w = 1094. What is the hundreds digit of c?
2
Let o(q) = q**3 + 39*q**2 + 2*q + 90. Let u(b) = -2*b**3 - 29*b**2 - 11*b + 3. Let h be u(-14). What is the tens digit of o(h)?
1
Let f be -2 - -5 - (4 - (-1 + 9)). What is the hundreds digit of (-42)/(-147) - (-719)/f?
1
What is the tens digit of 540/(-360)*(-17956)/3?
7
Suppose 2*b - 5 = -u - 8, 4*u - 18 = 2*b. Let j(o) = 179*o + 94. What is the tens digit of j(u)?
3
Let z(c) be the second derivative of c**5/20 - c**4/12 - c**3/6 - 2*c**2 + 11*c. Let g be z(-3). Let u = g - -131. What is the units digit of u?
4
Suppose h + 1 = 7. Let a be 4/h + (197/(-3) - 2). Let p = 111 + a. What is the units digit of p?
4
Suppose 19*h = 24*h + 1325. Let k = h + 1022. What is the units digit of k?
7
Suppose -q = k - 4, 0 = 4*q - 2*k - 2*k. Suppose -2*w = 3*w + 2*i - 2316, -q*i = 4*w - 1854. What is the hundreds digit of w?
4
Let q = 192 + -304. Suppose 26*o + 722 = -1098. Let n = o - q. What is the units digit of n?
2
Suppose 0 = o - 2*p - p + 6, p - 3 = 0. Let d(s) = 9*s**3 - 4*s**2 - 3*s + 7. What is the hundreds digit of d(o)?
2
Let k = -266 - -816. What is the hundreds digit of k?
5
Suppose 0 = 6*c + r - 99884, 5*c - 34525 - 48720 = -5*r. What is the thousands digit of c?
6
Suppose 3*f + 71 = 77. Suppose u - 7*r - 154 = -3*r, 4 = -f*r. What is the hundreds digit of u?
1
Let w be 2 - ((3 - 8)*-1 - 43). Suppose -2*i + w = -882. What is the hundreds digit of i?
4
Suppose -18 - 262 = -4*f. Let s = 25 - f. What is the units digit of (-592)/(-9) - 10/s?
6
Suppose 3*y - 41938 - 377 = 8*j, -4*y = -3*j - 56420. What is the ten thousands digit of y?
1
Let x(d) = 4*d. Let v be x(-1). Let u(h) = h**3 + 4*h**2 + 2. Let a be u(v). Suppose 2*n = 2*o + 58, -a*n - 3*o + 54 + 14 = 0. What is the units digit of n?
1
Suppose 0 = -21*q + 25538 + 121567. Suppose -y = -6*y + q. What is the hundreds digit of y?
4
Let j = -166 + 177. What is the units digit of -104*(165/(-2))/j?
0
Suppose 0 = -9*g - 0*g - 3129 + 292506. What is the ten thousands digit of g?
3
Suppose 6*x - 78 = -20*x. Suppose -q - 1890 = -3*q + x*w, 3*w + 4734 = 5*q. What is the hundreds digit of q?
9
Suppose -4*s + 113 = 2249. Let t = s + 889. What is the hundreds digit of t?
3
Suppose -2078*z + 2047*z = -74834. What is the thousands digit of z?
2
Let l = -211 - -146. Let m = l - -65. Suppose 4*g = 2*i - 308, -i - 3*g + 178 - 44 = m. What is the tens digit of i?
4
Suppose 0*v + 20 = 5*v, 3*j + 8 = 5*v. Suppose 2*x - 956 = -0*x - 3*w, 1904 = 4*x + j*w. What is the tens digit of x?
7
Suppose 31*p - 219364 - 178800 = 0. Suppose -24*m + p + 9620 = 0. What is the hundreds digit of m?
9
Let n = 190 - 206. Let z(p) = p**3 + 17*p**2 - 12*p - 15. What is the units digit of z(n)?
3
Suppose 4*y - 733 = 2*b - 2209, b = -3*y + 738. What is the tens digit of (5/(-15))/(-1)*b?
4
Let f(x) = 8*x**2 + 3*x + 3. Let z be f(-6). Let s = z - 162. Suppose 2*n - r + 32 - s = 0, 4*r = n - 29. What is the tens digit of n?
4
Suppose 722*c + 202657 = 739*c. What is the tens digit of c?
2
What is the hundreds digit of 15057 + 12/(-27)*-18?
0
Suppose -86*y = -74*y + 4560. Let w = -130 - y. What is the units digit of w?
0
Let l be (-8)/(-52) - 11054/52*2. Let b = -201 - l. What is the units digit of b?
4
What is the units digit of (-23)/(46/1110)*(-46)/5?
6
What is the hundreds digit of 552/14*714/153?
1
Let a = -10 + 5. Let x = -4 + -29. What is the units digit of a*12/30 + x/(-1)?
1
Let q(m) = -14*m**3 - 10*m**2 + 9*m - 210. What is the thousands digit of q(-11)?
7
Suppose -y + 1578 = 5*w, -21*w = -16*w - y - 1582. What is the hundreds digit of w?
3
Suppose 2*k + 3*k = 0. Let t be -3 + k + (20 - 0). Suppose 15*g - t*g = -22. What is the tens digit of g?
1
Let v(z) = 180*z**2 - 10*z - 6. What is the ten thousands digit of v(9)?
1
Suppose 16157 = n + 15718. What is the hundreds digit of n?
4
Suppose 2*d + 2*n = 16344, 2*n = -3*d - 2*n + 24520. What is the hundreds digit of d?
1
Let u be 1 + 2 + 2 + 0. Suppose -f + 484 = 4*d, u*f - 1703 = 2*d + 651. Suppose 35*g = 31*g + f. What is the units digit of g?
8
Let h be (-925)/(-75) + (-1)/(6/(-4)). Suppose -5*k - h + 59 = -3*r, 2*k = 4*r + 24. What is the units digit of k?
8
Let j(x) = -x - 1. Let v(c) = 21*c - 41. Let k(l) = -6*j(l) - v(l). What is the hundreds digit of k(-8)?
1
What is the units digit of 932880/100 - 2/(-10)?
9
Suppose -5*k - 1160 = -n, 0 = -4*k - 2*n - 3*n - 928. What is the hundreds digit of (-5)/(-1 - 1156/k - 4)?
2
Let o = -147 - -165. Suppose h = 2*k - 191, -o*h + 1 = -19*h. What is the tens digit of k?
9
Suppose -28*c + 45 = -23*c. Suppose -3*b = -c*b. Suppose -3*m + 12*m - 630 = b. What is the tens digit of m?
7
Suppose 2*f = -d - 2*f - 59